{"id":528,"date":"2024-09-18T13:55:30","date_gmt":"2024-09-18T13:55:30","guid":{"rendered":"http:\/\/klinikaurologii.wum.edu.pl\/?page_id=528"},"modified":"2024-10-02T17:28:04","modified_gmt":"2024-10-02T17:28:04","slug":"polityka-prywatnosci","status":"publish","type":"page","link":"https:\/\/klinikaurologii.wum.edu.pl\/index.php\/polityka-prywatnosci\/","title":{"rendered":"Polityka prywatno\u015bci"},"content":{"rendered":"\t\t<div data-elementor-type=\"wp-page\" data-elementor-id=\"528\" class=\"elementor elementor-528\" data-elementor-post-type=\"page\">\n\t\t\t\t<div class=\"elementor-element elementor-element-8e3aa91 e-flex e-con-boxed e-con e-parent\" data-id=\"8e3aa91\" data-element_type=\"container\" data-e-type=\"container\" data-settings=\"{&quot;background_background&quot;:&quot;classic&quot;}\">\n\t\t\t\t\t<div class=\"e-con-inner\">\n\t\t<div class=\"elementor-element elementor-element-8988b7d e-con-full e-flex e-con e-child\" data-id=\"8988b7d\" data-element_type=\"container\" data-e-type=\"container\">\n\t\t\t\t<div class=\"elementor-element elementor-element-094e779 elementor-align-center elementor-widget elementor-widget-button\" data-id=\"094e779\" data-element_type=\"widget\" data-e-type=\"widget\" data-widget_type=\"button.default\">\n\t\t\t\t<div class=\"elementor-widget-container\">\n\t\t\t\t\t\t\t\t\t<div class=\"elementor-button-wrapper\">\n\t\t\t\t\t<a class=\"elementor-button elementor-size-sm\" role=\"button\">\n\t\t\t\t\t\t<span class=\"elementor-button-content-wrapper\">\n\t\t\t\t\t\t\t\t\t<span class=\"elementor-button-text\">Polityka prywatno\u015bci<\/span>\n\t\t\t\t\t<\/span>\n\t\t\t\t\t<\/a>\n\t\t\t\t<\/div>\n\t\t\t\t\t\t\t\t<\/div>\n\t\t\t\t<\/div>\n\t\t\t\t<\/div>\n\t\t\t\t\t<\/div>\n\t\t\t\t<\/div>\n\t\t<div class=\"elementor-element elementor-element-5b6a0d8 e-flex e-con-boxed e-con e-parent\" data-id=\"5b6a0d8\" data-element_type=\"container\" data-e-type=\"container\" data-settings=\"{&quot;background_background&quot;:&quot;classic&quot;}\">\n\t\t\t\t\t<div class=\"e-con-inner\">\n\t\t<div class=\"elementor-element elementor-element-3f03619 e-con-full e-flex e-con e-child\" data-id=\"3f03619\" data-element_type=\"container\" data-e-type=\"container\">\n\t\t<div class=\"elementor-element elementor-element-b61d867 e-con-full e-flex e-con e-child\" data-id=\"b61d867\" data-element_type=\"container\" data-e-type=\"container\" id=\"klinika\">\n\t\t<div class=\"elementor-element elementor-element-e631cfb e-con-full e-flex e-con e-child\" data-id=\"e631cfb\" data-element_type=\"container\" data-e-type=\"container\" id=\"klinika\">\n\t\t\t\t<div class=\"elementor-element elementor-element-40172b8 elementor-widget elementor-widget-text-editor\" data-id=\"40172b8\" data-element_type=\"widget\" data-e-type=\"widget\" data-widget_type=\"text-editor.default\">\n\t\t\t\t<div class=\"elementor-widget-container\">\n\t\t\t\t\t\t\t\t\t<ol><li><b> Postanowienia og\u00f3lne<\/b><span style=\"font-weight: 400;\"> 1.1. Niniejsza Polityka Prywatno\u015bci okre\u015bla zasady przetwarzania danych osobowych pacjent\u00f3w oraz os\u00f3b kontaktuj\u0105cych si\u0119 z nasz\u0105 Klinik\u0105.<\/span><\/li><li><b> Zakres przetwarzanych danych<\/b><span style=\"font-weight: 400;\"> 2.1. Klinika przetwarza dane osobowe pacjent\u00f3w, takie jak: imi\u0119, nazwisko, adres zamieszkania, numer PESEL, numer telefonu, adres e-mail, dane medyczne oraz inne dane niezb\u0119dne do \u015bwiadczenia us\u0142ug medycznych.<\/span><span style=\"font-weight: 400;\"><br \/><\/span><span style=\"font-weight: 400;\">2.2. W przypadku os\u00f3b kontaktuj\u0105cych si\u0119 z Klinik\u0105 (np. w celu um\u00f3wienia wizyty), przetwarzamy dane takie jak: imi\u0119, nazwisko, numer telefonu, adres e-mail oraz inne dane podane w trakcie kontaktu.<\/span><span style=\"font-weight: 400;\"><br \/><\/span><b>Uwaga<\/b><span style=\"font-weight: 400;\">: Numer PESEL os\u00f3b kontaktuj\u0105cych si\u0119 z Klinik\u0105 wy\u0142\u0105cznie w celu um\u00f3wienia wizyty nie jest przetwarzany, chyba \u017ce jest to niezb\u0119dne do spe\u0142nienia okre\u015blonych wymog\u00f3w prawnych lub formalnych.<\/span><\/li><li><b> Cele przetwarzania danych<\/b><span style=\"font-weight: 400;\"> 3.1. Dane osobowe s\u0105 przetwarzane w celu:<\/span><\/li><\/ol><ul><li style=\"font-weight: 400;\" aria-level=\"1\"><span style=\"font-weight: 400;\">realizacji us\u0142ug medycznych,<\/span><\/li><li style=\"font-weight: 400;\" aria-level=\"1\"><span style=\"font-weight: 400;\">prowadzenia dokumentacji medycznej,<\/span><\/li><li style=\"font-weight: 400;\" aria-level=\"1\"><span style=\"font-weight: 400;\">kontaktu z pacjentem w zwi\u0105zku z realizacj\u0105 us\u0142ug,<\/span><\/li><li style=\"font-weight: 400;\" aria-level=\"1\"><span style=\"font-weight: 400;\">spe\u0142nienia obowi\u0105zk\u00f3w wynikaj\u0105cych z przepis\u00f3w prawa,<\/span><\/li><li style=\"font-weight: 400;\" aria-level=\"1\"><span style=\"font-weight: 400;\">marketingu bezpo\u015bredniego us\u0142ug w\u0142asnych Kliniki (za zgod\u0105 pacjenta).<\/span><span style=\"font-weight: 400;\"><br \/><\/span><span style=\"font-weight: 400;\">3.2. Dane mog\u0105 by\u0107 przetwarzane w innych celach, je\u017celi pacjent wyrazi na to odr\u0119bn\u0105 zgod\u0119.<\/span><\/li><\/ul><ol start=\"4\"><li><b> Podstawa prawna przetwarzania<\/b><span style=\"font-weight: 400;\"> 4.1. Dane osobowe pacjent\u00f3w przetwarzane s\u0105 na podstawie:<\/span><\/li><\/ol><ul><li style=\"font-weight: 400;\" aria-level=\"1\"><span style=\"font-weight: 400;\">art. 6 ust. 1 lit. b) RODO (niezb\u0119dno\u015b\u0107 do wykonania umowy),<\/span><\/li><li style=\"font-weight: 400;\" aria-level=\"1\"><span style=\"font-weight: 400;\">art. 6 ust. 1 lit. c) RODO (obowi\u0105zki prawne administratora),<\/span><\/li><li style=\"font-weight: 400;\" aria-level=\"1\"><span style=\"font-weight: 400;\">art. 6 ust. 1 lit. a) RODO (zgoda pacjenta na przetwarzanie danych w okre\u015blonych celach).<\/span><\/li><\/ul><ol start=\"5\"><li><b> Udost\u0119pnianie danych osobowych<\/b><span style=\"font-weight: 400;\"> 5.1. Dane osobowe mog\u0105 by\u0107 udost\u0119pniane podmiotom trzecim tylko w zakresie zgodnym z prawem, tj.:<\/span><\/li><\/ol><ul><li style=\"font-weight: 400;\" aria-level=\"1\"><span style=\"font-weight: 400;\">upowa\u017cnionym pracownikom i wsp\u00f3\u0142pracownikom Kliniki,<\/span><\/li><li style=\"font-weight: 400;\" aria-level=\"1\"><span style=\"font-weight: 400;\">podmiotom wsp\u00f3\u0142pracuj\u0105cym z Klinik\u0105 na podstawie um\u00f3w powierzenia przetwarzania danych,<\/span><\/li><li style=\"font-weight: 400;\" aria-level=\"1\"><span style=\"font-weight: 400;\">podmiotom upowa\u017cnionym na mocy przepis\u00f3w prawa (np. organy publiczne).<\/span><\/li><\/ul><ol start=\"6\"><li><b> Przechowywanie danych<\/b><span style=\"font-weight: 400;\"> 6.1. Dane osobowe pacjent\u00f3w b\u0119d\u0105 przechowywane przez okres niezb\u0119dny do realizacji cel\u00f3w przetwarzania oraz zgodnie z obowi\u0105zuj\u0105cymi przepisami dotycz\u0105cymi archiwizacji dokumentacji medycznej.<\/span><span style=\"font-weight: 400;\"><br \/><\/span><span style=\"font-weight: 400;\">6.2. Po zako\u0144czeniu tego okresu dane zostan\u0105 usuni\u0119te lub zanonimizowane.<\/span><\/li><li><b> Prawa pacjenta<\/b><span style=\"font-weight: 400;\"> 7.1. Pacjentowi przys\u0142uguje prawo dost\u0119pu do tre\u015bci swoich danych oraz prawo do ich sprostowania, usuni\u0119cia, ograniczenia przetwarzania, przenoszenia danych, a tak\u017ce prawo do wniesienia sprzeciwu wobec przetwarzania.<\/span><span style=\"font-weight: 400;\"><br \/><\/span><span style=\"font-weight: 400;\">7.2. Pacjent ma prawo do cofni\u0119cia zgody na przetwarzanie danych w dowolnym momencie, bez wp\u0142ywu na zgodno\u015b\u0107 z prawem przetwarzania dokonanego przed jej cofni\u0119ciem.<\/span><span style=\"font-weight: 400;\"><br \/><\/span><span style=\"font-weight: 400;\">7.3. W celu realizacji swoich praw pacjent mo\u017ce kontaktowa\u0107 si\u0119 z Klinik\u0105 drog\u0105 mailow\u0105 na adres: urologiasekretariat@wum.edu.pl lub pisemnie na adres siedziby Kliniki.<\/span><\/li><li><b> Zabezpieczenie danych osobowych<\/b><span style=\"font-weight: 400;\"> 8.1. Klinika stosuje odpowiednie \u015brodki techniczne i organizacyjne, aby chroni\u0107 dane osobowe przed przypadkowym lub niezgodnym z prawem zniszczeniem, utrat\u0105, modyfikacj\u0105, nieuprawnionym ujawnieniem lub dost\u0119pem.<\/span><span style=\"font-weight: 400;\"><br \/><\/span><span style=\"font-weight: 400;\">8.2. Dost\u0119p do danych osobowych maj\u0105 jedynie osoby upowa\u017cnione, zobowi\u0105zane do zachowania tajemnicy.<\/span><\/li><li><b> Zmiany Polityki Prywatno\u015bci<\/b><span style=\"font-weight: 400;\"> 9.1. Klinika zastrzega sobie prawo do wprowadzania zmian w niniejszej Polityce Prywatno\u015bci w dowolnym momencie. Wszelkie zmiany zostan\u0105 opublikowane na stronie internetowej Kliniki.<\/span><span style=\"font-weight: 400;\"><br \/><\/span><span style=\"font-weight: 400;\">9.2. Zalecamy regularne przegl\u0105danie Polityki Prywatno\u015bci w celu zapoznania si\u0119 z jej aktualnym brzmieniem.<\/span><\/li><li><b> Kontakt<\/b><span style=\"font-weight: 400;\"> 10.1. W przypadku pyta\u0144 dotycz\u0105cych przetwarzania danych osobowych przez Klinik\u0119 prosimy o kontakt drog\u0105 mailow\u0105 na adres: urologiasekretariat@wum.edu.pl lub pisemnie na adres siedziby Kliniki.<\/span><\/li><\/ol><p><br \/><br \/><\/p>\t\t\t\t\t\t\t\t<\/div>\n\t\t\t\t<\/div>\n\t\t\t\t<\/div>\n\t\t\t\t<\/div>\n\t\t\t\t<\/div>\n\t\t\t\t\t<\/div>\n\t\t\t\t<\/div>\n\t\t\t\t<\/div>\n\t\t","protected":false},"excerpt":{"rendered":"<p>Polityka prywatno\u015bci Postanowienia og\u00f3lne 1.1. Niniejsza Polityka Prywatno\u015bci okre\u015bla zasady przetwarzania danych osobowych pacjent\u00f3w oraz os\u00f3b kontaktuj\u0105cych si\u0119 z nasz\u0105 Klinik\u0105. Zakres przetwarzanych danych 2.1. Klinika przetwarza dane osobowe pacjent\u00f3w, takie jak: imi\u0119, nazwisko, adres zamieszkania, numer PESEL, numer telefonu, adres e-mail, dane medyczne oraz inne dane niezb\u0119dne do \u015bwiadczenia us\u0142ug medycznych.2.2. W przypadku os\u00f3b [&hellip;]<\/p>\n","protected":false},"author":1,"featured_media":0,"parent":0,"menu_order":0,"comment_status":"closed","ping_status":"closed","template":"elementor_header_footer","meta":{"footnotes":""},"class_list":["post-528","page","type-page","status-publish","hentry"],"_links":{"self":[{"href":"https:\/\/klinikaurologii.wum.edu.pl\/index.php\/wp-json\/wp\/v2\/pages\/528","targetHints":{"allow":["GET"]}}],"collection":[{"href":"https:\/\/klinikaurologii.wum.edu.pl\/index.php\/wp-json\/wp\/v2\/pages"}],"about":[{"href":"https:\/\/klinikaurologii.wum.edu.pl\/index.php\/wp-json\/wp\/v2\/types\/page"}],"author":[{"embeddable":true,"href":"https:\/\/klinikaurologii.wum.edu.pl\/index.php\/wp-json\/wp\/v2\/users\/1"}],"replies":[{"embeddable":true,"href":"https:\/\/klinikaurologii.wum.edu.pl\/index.php\/wp-json\/wp\/v2\/comments?post=528"}],"version-history":[{"count":13,"href":"https:\/\/klinikaurologii.wum.edu.pl\/index.php\/wp-json\/wp\/v2\/pages\/528\/revisions"}],"predecessor-version":[{"id":958,"href":"https:\/\/klinikaurologii.wum.edu.pl\/index.php\/wp-json\/wp\/v2\/pages\/528\/revisions\/958"}],"wp:attachment":[{"href":"https:\/\/klinikaurologii.wum.edu.pl\/index.php\/wp-json\/wp\/v2\/media?parent=528"}],"curies":[{"name":"wp","href":"https:\/\/api.w.org\/{rel}","templated":true}]}}