{"id":1196,"date":"2024-10-24T07:47:05","date_gmt":"2024-10-24T07:47:05","guid":{"rendered":"http:\/\/klinikaurologii.wum.edu.pl\/?page_id=1196"},"modified":"2024-10-24T07:49:38","modified_gmt":"2024-10-24T07:49:38","slug":"przyjecie-do-kliniki-urologii","status":"publish","type":"page","link":"https:\/\/klinikaurologii.wum.edu.pl\/index.php\/przyjecie-do-kliniki-urologii\/","title":{"rendered":"Przyj\u0119cie do Kliniki Urologii\u00a0"},"content":{"rendered":"\t\t<div data-elementor-type=\"wp-page\" data-elementor-id=\"1196\" class=\"elementor elementor-1196\" data-elementor-post-type=\"page\">\n\t\t\t\t<div class=\"elementor-element elementor-element-8e3aa91 e-flex e-con-boxed e-con e-parent\" data-id=\"8e3aa91\" data-element_type=\"container\" data-e-type=\"container\" data-settings=\"{&quot;background_background&quot;:&quot;classic&quot;}\">\n\t\t\t\t\t<div class=\"e-con-inner\">\n\t\t<div class=\"elementor-element elementor-element-8988b7d e-con-full e-flex e-con e-child\" data-id=\"8988b7d\" data-element_type=\"container\" data-e-type=\"container\">\n\t\t\t\t<div class=\"elementor-element elementor-element-094e779 elementor-align-center elementor-widget elementor-widget-button\" data-id=\"094e779\" data-element_type=\"widget\" data-e-type=\"widget\" data-widget_type=\"button.default\">\n\t\t\t\t<div class=\"elementor-widget-container\">\n\t\t\t\t\t\t\t\t\t<div class=\"elementor-button-wrapper\">\n\t\t\t\t\t<a class=\"elementor-button elementor-size-sm\" role=\"button\">\n\t\t\t\t\t\t<span class=\"elementor-button-content-wrapper\">\n\t\t\t\t\t\t\t\t\t<span class=\"elementor-button-text\">Przyj\u0119cie do Kliniki Urologii\u00a0<\/span>\n\t\t\t\t\t<\/span>\n\t\t\t\t\t<\/a>\n\t\t\t\t<\/div>\n\t\t\t\t\t\t\t\t<\/div>\n\t\t\t\t<\/div>\n\t\t\t\t<\/div>\n\t\t\t\t\t<\/div>\n\t\t\t\t<\/div>\n\t\t<div class=\"elementor-element elementor-element-9eff71e e-flex e-con-boxed e-con e-parent\" data-id=\"9eff71e\" data-element_type=\"container\" data-e-type=\"container\">\n\t\t\t\t\t<div class=\"e-con-inner\">\n\t\t<div class=\"elementor-element elementor-element-ba70b7a e-con-full e-flex e-con e-child\" data-id=\"ba70b7a\" data-element_type=\"container\" data-e-type=\"container\">\n\t\t\t\t<div class=\"elementor-element elementor-element-c8942f0 elementor-widget elementor-widget-text-editor\" data-id=\"c8942f0\" data-element_type=\"widget\" data-e-type=\"widget\" data-widget_type=\"text-editor.default\">\n\t\t\t\t<div class=\"elementor-widget-container\">\n\t\t\t\t\t\t\t\t\t<p><b style=\"font-size: inherit; text-align: inherit; letter-spacing: -0.015em;\">Tryby przyj\u0119cia:<\/b><\/p>\n<p><b>a) Tryb ostry<\/b><span style=\"font-weight: 400;\"><br><\/span><span style=\"font-weight: 400;\">W przypadku nag\u0142ych sytuacji wymagaj\u0105cych natychmiastowego leczenia, pacjent mo\u017ce zosta\u0107 przyj\u0119ty bez skierowania lub ze skierowaniem. Je\u017celi uznaj\u0105 Pa\u0144stwo, \u017ce Pa\u0144stwa schorzenie wymaga pilnej interwencji, nale\u017cy zg\u0142osi\u0107 si\u0119 na Szpitalny Oddzia\u0142 Ratunkowy (SOR). W niekt\u00f3rych przypadkach lekarz mo\u017ce wystawi\u0107 skierowanie do Oddzia\u0142u Urologicznego z adnotacj\u0105 \u201ePILNE\u201d. Lekarze SOR, w konsultacji z lekarzem Kliniki Urologii, oceni\u0105 stan zdrowia i podejm\u0105 decyzj\u0119 o przyj\u0119ciu lub ewentualnym odrzuceniu zg\u0142oszenia.<\/span><\/p>\n<p><b>b) Tryb planowy<\/b><span style=\"font-weight: 400;\"><br><\/span><span style=\"font-weight: 400;\">Przyj\u0119cie w trybie planowym odbywa si\u0119 wy\u0142\u0105cznie na podstawie pisemnego skierowania wystawionego przez lekarza. Ze skierowaniem nale\u017cy uda\u0107 si\u0119 do Punktu Konsultacyjnego przy Poradni Urologicznej w celu weryfikacji dokument\u00f3w. Po weryfikacji pacjent zostaje zapisany na list\u0119 oczekuj\u0105cych i informowany o terminie przyj\u0119cia telefonicznie. Prosimy o podanie numeru telefonu, pod kt\u00f3rym na pewno b\u0119dziecie Pa\u0144stwo dost\u0119pni, lub alternatywnej formy kontaktu.<\/span><\/p><p><span style=\"font-weight: 400;\"><br><\/span><\/p>\n<p><b style=\"font-size: inherit; text-align: inherit; letter-spacing: -0.015em;\">Jak przygotowa\u0107 si\u0119 do pobytu w Szpitalu?<\/b><\/p>\n<ol>\n<li style=\"font-weight: 400;\" aria-level=\"1\"><b>Higiena osobista<\/b><span style=\"font-weight: 400;\"><br><\/span><span style=\"font-weight: 400;\">W przeddzie\u0144 przyj\u0119cia do szpitala nale\u017cy wzi\u0105\u0107 k\u0105piel i dok\u0142adnie umy\u0107 ca\u0142e cia\u0142o oraz w\u0142osy.<\/span><\/li>\n<li style=\"font-weight: 400;\" aria-level=\"1\"><b>Bi\u017cuteria i ozdoby<\/b><span style=\"font-weight: 400;\"><br><\/span><span style=\"font-weight: 400;\">Zaleca si\u0119, aby pozostawi\u0107 w domu bi\u017cuteri\u0119, w tym obr\u0105czki i pier\u015bcionki, kt\u00f3re mog\u0105 utrudni\u0107 pomiary medyczne lub kr\u0105\u017cenie w palcach.<\/span><\/li>\n<li style=\"font-weight: 400;\" aria-level=\"1\"><b>Paznokcie<\/b><span style=\"font-weight: 400;\"><br><\/span><span style=\"font-weight: 400;\">Prosimy, aby nie malowa\u0107 paznokci i nie zak\u0142ada\u0107 tips\u00f3w. Mo\u017ce to utrudnia\u0107 pomiar wysycenia krwi tlenem podczas monitorowania w trakcie operacji. Ewentualnie mo\u017cna zostawi\u0107 jeden palec na ka\u017cdej r\u0119ce bez lakieru.<\/span><\/li>\n<\/ol>\n<p><b>Co zabra\u0107 do Szpitala?<\/b><\/p>\n<ol>\n<li style=\"font-weight: 400;\" aria-level=\"1\"><b>Dokument to\u017csamo\u015bci<\/b><span style=\"font-weight: 400;\"> \u2013 dow\u00f3d osobisty lub paszport.<\/span><\/li>\n<li style=\"font-weight: 400;\" aria-level=\"1\"><b>Ubrania i przedmioty osobiste<\/b><span style=\"font-weight: 400;\"> \u2013 bielizna, szlafrok, r\u0119cznik, klapki antypo\u015blizgowe, \u015brodki higieny osobistej, okulary do czytania, aparat s\u0142uchowy, d\u0142ugopis, telefon z \u0142adowark\u0105.<\/span><\/li>\n<li style=\"font-weight: 400;\" aria-level=\"1\"><b>Kontakt do bliskich<\/b><span style=\"font-weight: 400;\"> \u2013 dane os\u00f3b upowa\u017cnionych do otrzymywania informacji o stanie zdrowia.<\/span><\/li>\n<li style=\"font-weight: 400;\" aria-level=\"1\"><b>Leki<\/b><span style=\"font-weight: 400;\"> \u2013 sta\u0142e leki w oryginalnych opakowaniach z dok\u0142adnie opisanymi dawkami i porami przyjmowania.<\/span><\/li>\n<li style=\"font-weight: 400;\" aria-level=\"1\"><b>Dokumentacja medyczna<\/b><span style=\"font-weight: 400;\"> \u2013 wszystkie dokumenty zwi\u0105zane z Pa\u0144stwa leczeniem, w tym wyniki bada\u0144, karty informacyjne oraz dokumentacja dotycz\u0105ca innych schorze\u0144. Prosimy r\u00f3wnie\u017c o dostarczenie p\u0142yt z badaniami obrazowymi.<\/span><\/li>\n<li style=\"font-weight: 400;\" aria-level=\"1\"><b>Za\u015bwiadczenia medyczne<\/b><span style=\"font-weight: 400;\"> \u2013 je\u017celi leczycie si\u0119 Pa\u0144stwo z powodu innych chor\u00f3b (kardiologicznych, endokrynologicznych itp.), prosimy o dostarczenie odpowiednich za\u015bwiadcze\u0144 od lekarzy.<\/span><\/li>\n<\/ol>\n<p><b>Wyniki bada\u0144, kt\u00f3re warto przynie\u015b\u0107:<\/b><\/p>\n<ol>\n<li style=\"font-weight: 400;\" aria-level=\"1\"><b>Badania laboratoryjne krwi<\/b><span style=\"font-weight: 400;\"> \u2013 wykonane nie wcze\u015bniej ni\u017c 2 tygodnie przed przyj\u0119ciem: morfologia, s\u00f3d, potas, mocznik, kreatynina, koagulogram, glukoza na czczo, p-HCV, p-Hbs, antygen Hbs oraz beta-HCG u kobiet miesi\u0105czkuj\u0105cych. W przypadku schorze\u0144 tarczycy, warto mie\u0107 wyniki TSH, T3, T4.<\/span><\/li>\n<li style=\"font-weight: 400;\" aria-level=\"1\"><b>Dokument potwierdzaj\u0105cy grup\u0119 krwi.<\/b><\/li>\n<li style=\"font-weight: 400;\" aria-level=\"1\"><b>Posiew moczu<\/b><span style=\"font-weight: 400;\"> \u2013 wykonany oko\u0142o 2 tygodnie przed przyj\u0119ciem. W przypadku wykrycia bakterii, konieczne jest zastosowanie antybiotyku zgodnie z antybiogramem.<\/span><\/li>\n<li style=\"font-weight: 400;\" aria-level=\"1\"><b>EKG<\/b><span style=\"font-weight: 400;\"> \u2013 wa\u017cne do 6 miesi\u0119cy przed przyj\u0119ciem (warto przynie\u015b\u0107 wcze\u015bniejsze wyniki).<\/span><\/li>\n<li style=\"font-weight: 400;\" aria-level=\"1\"><b>RTG klatki piersiowej<\/b><span style=\"font-weight: 400;\"> \u2013 w przypadku pacjent\u00f3w powy\u017cej 35. roku \u017cycia, wa\u017cne przez 1 rok. Je\u015bli posiadacie Pa\u0144stwo starsze wyniki, prosimy o ich dostarczenie do por\u00f3wnania.<\/span><\/li>\n<\/ol>\n<p><b>Procedura przyj\u0119cia do Kliniki Urologii:<\/b><\/p>\n<ol>\n<li style=\"font-weight: 400;\" aria-level=\"1\"><b>Miejsce zg\u0142oszenia<\/b><span style=\"font-weight: 400;\"><br><\/span><span style=\"font-weight: 400;\">W dniu przyj\u0119cia nale\u017cy zg\u0142osi\u0107 si\u0119 w godzinach 09:00-12:00 do Kliniki Urologii (Pawilon nr 7, I pi\u0119tro, Szpital Kliniczny WUM UCK, ul. Lindleya 4, Warszawa) i oczekiwa\u0107 na lekarza. Prosimy o zabranie wymienionych wy\u017cej dokument\u00f3w oraz wynik\u00f3w bada\u0144.<\/span><\/li>\n<li style=\"font-weight: 400;\" aria-level=\"1\"><b>Rejestracja<\/b><span style=\"font-weight: 400;\"><br><\/span><span style=\"font-weight: 400;\">Po weryfikacji dokumentacji przez lekarza, nale\u017cy uda\u0107 si\u0119 do rejestracji:<\/span>\n<ul>\n<li style=\"font-weight: 400;\" aria-level=\"2\"><span style=\"font-weight: 400;\">W dni powszednie: Rejestracja Izby Przyj\u0119\u0107 (Parter, Pawilon nr 20B),<\/span><\/li>\n<li style=\"font-weight: 400;\" aria-level=\"2\"><span style=\"font-weight: 400;\">W weekendy, \u015bwi\u0119ta i dni powszednie po godzinie 15:00: Rejestracja SOR (Parter, Pawilon nr 20D).<\/span><\/li>\n<\/ul>\n<\/li>\n<li style=\"font-weight: 400;\" aria-level=\"1\"><b>Przyj\u0119cie na oddzia\u0142<\/b><span style=\"font-weight: 400;\"><br><\/span><span style=\"font-weight: 400;\">Po rejestracji nale\u017cy wr\u00f3ci\u0107 do Pawilonu nr 7, na II pi\u0119tro, gdzie personel medyczny przeprowadzi przyj\u0119cie. W trakcie oczekiwania na \u0142\u00f3\u017cko, prosimy o wype\u0142nienie formularzy: &#8222;O\u015bwiadczenia i Zgody Zwi\u0105zane z udzielaniem szpitalnych \u015bwiadcze\u0144 zdrowotnych w UCK WUM&#8221; oraz &#8222;Ankieta badania anestezjologicznego&#8221;.<\/span><\/li>\n<\/ol>\t\t\t\t\t\t\t\t<\/div>\n\t\t\t\t<\/div>\n\t\t\t\t<div class=\"elementor-element elementor-element-58faef3 elementor-widget-divider--view-line elementor-widget elementor-widget-divider\" data-id=\"58faef3\" data-element_type=\"widget\" data-e-type=\"widget\" data-widget_type=\"divider.default\">\n\t\t\t\t<div class=\"elementor-widget-container\">\n\t\t\t\t\t\t\t<div class=\"elementor-divider\">\n\t\t\t<span class=\"elementor-divider-separator\">\n\t\t\t\t\t\t<\/span>\n\t\t<\/div>\n\t\t\t\t\t\t<\/div>\n\t\t\t\t<\/div>\n\t\t\t\t<div class=\"elementor-element elementor-element-62281c2 elementor-widget elementor-widget-text-editor\" data-id=\"62281c2\" data-element_type=\"widget\" data-e-type=\"widget\" data-widget_type=\"text-editor.default\">\n\t\t\t\t<div class=\"elementor-widget-container\">\n\t\t\t\t\t\t\t\t\t<p><span style=\"font-weight: 400;\">Prosimy o dok\u0142adne przygotowanie si\u0119 do przyj\u0119cia zgodnie z powy\u017cszymi zaleceniami, co przyczyni si\u0119 do sprawnego przebiegu leczenia i hospitalizacji w naszej Klinice.<\/span><\/p>\t\t\t\t\t\t\t\t<\/div>\n\t\t\t\t<\/div>\n\t\t\t\t<\/div>\n\t\t\t\t\t<\/div>\n\t\t\t\t<\/div>\n\t\t\t\t<\/div>\n\t\t","protected":false},"excerpt":{"rendered":"<p>Przyj\u0119cie do Kliniki Urologii\u00a0 Tryby przyj\u0119cia: a) Tryb ostryW przypadku nag\u0142ych sytuacji wymagaj\u0105cych natychmiastowego leczenia, pacjent mo\u017ce zosta\u0107 przyj\u0119ty bez skierowania lub ze skierowaniem. Je\u017celi uznaj\u0105 Pa\u0144stwo, \u017ce Pa\u0144stwa schorzenie wymaga pilnej interwencji, nale\u017cy zg\u0142osi\u0107 si\u0119 na Szpitalny Oddzia\u0142 Ratunkowy (SOR). W niekt\u00f3rych przypadkach lekarz mo\u017ce wystawi\u0107 skierowanie do Oddzia\u0142u Urologicznego z adnotacj\u0105 \u201ePILNE\u201d. Lekarze [&hellip;]<\/p>\n","protected":false},"author":1,"featured_media":0,"parent":0,"menu_order":0,"comment_status":"closed","ping_status":"closed","template":"elementor_header_footer","meta":{"footnotes":""},"class_list":["post-1196","page","type-page","status-publish","hentry"],"_links":{"self":[{"href":"https:\/\/klinikaurologii.wum.edu.pl\/index.php\/wp-json\/wp\/v2\/pages\/1196","targetHints":{"allow":["GET"]}}],"collection":[{"href":"https:\/\/klinikaurologii.wum.edu.pl\/index.php\/wp-json\/wp\/v2\/pages"}],"about":[{"href":"https:\/\/klinikaurologii.wum.edu.pl\/index.php\/wp-json\/wp\/v2\/types\/page"}],"author":[{"embeddable":true,"href":"https:\/\/klinikaurologii.wum.edu.pl\/index.php\/wp-json\/wp\/v2\/users\/1"}],"replies":[{"embeddable":true,"href":"https:\/\/klinikaurologii.wum.edu.pl\/index.php\/wp-json\/wp\/v2\/comments?post=1196"}],"version-history":[{"count":13,"href":"https:\/\/klinikaurologii.wum.edu.pl\/index.php\/wp-json\/wp\/v2\/pages\/1196\/revisions"}],"predecessor-version":[{"id":1216,"href":"https:\/\/klinikaurologii.wum.edu.pl\/index.php\/wp-json\/wp\/v2\/pages\/1196\/revisions\/1216"}],"wp:attachment":[{"href":"https:\/\/klinikaurologii.wum.edu.pl\/index.php\/wp-json\/wp\/v2\/media?parent=1196"}],"curies":[{"name":"wp","href":"https:\/\/api.w.org\/{rel}","templated":true}]}}